me number?
True
Let f = 31057 + -18810. Is f a prime number?
False
Is (1743 + -2)/(-4 - -5) a composite number?
False
Let w be -1 - 1 - -2 - -2. Let j(r) = -17*r - 1. Let m(t) = -4*t. Let y(s) = 2*j(s) - 9*m(s). Is y(w) a prime number?
True
Suppose -65*g - 53558 = -2*i - 66*g, -i - g + 26779 = 0. Is i a prime number?
False
Let u be (-448)/(-40) - -6*6/45. Suppose -2776 = -u*b + 3668. Is b a prime number?
False
Suppose -z - 9 = -12. Suppose 0 = g - 4*d - 55, -z*g + 117 = -2*d + 6*d. Is g a composite number?
False
Suppose 4 = 2*o - 6*o. Suppose z + 2*n = 4*n - 1, 3*n = -5*z + 8. Is (z - 0)/(o/(-22)) composite?
True
Is 8/48 + (-53321)/(-6) composite?
False
Is (-12)/(-9) + ((-16951120)/(-24))/10 prime?
False
Suppose -15*f = -10*f - 100705. Is f composite?
True
Let q(j) = j**2 - 6*j + 5. Let f be q(5). Suppose 5*m + 3*a = -a + 1670, -m - 3*a + 334 = f. Is m composite?
True
Let a(k) = -2*k**3 - 3*k**2 - 4. Let m be a(-3). Suppose -21*r = -m*r + 8098. Is r a composite number?
False
Let x(p) = 22531*p**2 + 3*p - 3. Is x(1) a composite number?
False
Suppose 6*j - 21 = 45. Suppose -4*z = -5*k - 1531, -6*z - 1950 = -j*z - k. Is z composite?
False
Suppose -4*d = -r + 702, -3*d = r + d - 702. Suppose n - w - 537 = 0, -w + 901 = 3*n - r. Is n prime?
False
Suppose -2*f + 22434 - 5455 = 5*w, -w + 3409 = -4*f. Is w prime?
False
Suppose -8*k + 3526 = 3*d - 4*k, -d = k - 1175. Is d a prime number?
False
Let s = -123985 - -180180. Is s a prime number?
False
Let c(y) = -y**3 + 14*y**2 + 13*y - 12. Let g be c(12). Let u = -95 + g. Is u a prime number?
True
Suppose -64*y + 46*y + 10566 = 0. Is y prime?
True
Let z(n) = -5*n**3 + 15*n**2 + n - 16. Is z(-9) a composite number?
True
Let r(q) = 6*q**2 + 5*q - 19. Suppose 5 = 4*z - 35. Is r(z) composite?
False
Suppose 5*y - 2*b - 9 - 20 = 0, -38 = -5*y - b. Suppose 0 = y*f - 14*f + 7385. Is f a composite number?
True
Suppose -3*l + 47141 = 4*s, -3*s + 5*s + 5*l - 23553 = 0. Is s a prime number?
True
Let c(y) be the first derivative of 9*y**3 - 6*y**2 + 14*y + 10. Is c(7) a composite number?
True
Let j be 0 + 6/(-3) - (4 - 1). Is (0 + 6 + j)*(10435 - 2) prime?
True
Let i = -30367 + 44852. Is i composite?
True
Suppose 55 = -u + 12*u. Suppose 3*j - 5*j - 5*b = -11500, -u*j - b = -28773. Is j a prime number?
False
Let q(g) be the second derivative of -g**4/12 - 13*g**3/6 + 9*g**2 + 4*g. Let r be q(-14). Suppose -5*l = 20, -l - 24 = r*j - 6*j. Is j a composite number?
True
Let i = 30 + -26. Let n(j) = -5 - j**2 - j + i - 10*j. Is n(-10) a composite number?
True
Is (76/(-228))/((-1)/2247) a prime number?
False
Let p(k) be the third derivative of -4*k**2 + 0*k - 7/24*k**4 + 1/6*k**3 + 1/120*k**6 + 0 + 7/60*k**5. Is p(-6) composite?
False
Suppose -u + 139 = -0*o + 4*o, 107 = u - 4*o. Let b = 361 - 357. Suppose 0 = -b*z + 1631 - u. Is z prime?
False
Suppose 3*h + 4*l - 402 = -143, 2*h - 173 = -3*l. Suppose 0 = -x - 3, -4*j + 5*x = -126 - h. Is j prime?
False
Let j = 164 - -47. Suppose -j = -0*u - u. Is u composite?
False
Suppose -87*j - 146597 = -98*j. Is j a composite number?
False
Suppose 27834 = 13*h - 67703. Is h composite?
False
Suppose -6*s + 4*s + 4*o + 464 = 0, 4*s - 5*o - 919 = 0. Suppose 2*h - 466 + 54 = -2*a, a - 3*h - s = 0. Is a a prime number?
True
Let p(c) = -57 + 18*c - 83*c + 16. Is p(-12) a composite number?
False
Let k(i) = -930*i**3 - 3*i**2 - 6*i + 1. Is k(-2) a composite number?
True
Suppose -4*z + 2*z = -7898. Is z prime?
False
Let s be (-246)/14 + 12/(-28). Let v be -1 - 41/(-1 - 0). Let m = v + s. Is m prime?
False
Suppose -3*i + 37243 = i + y, 4*y + 46559 = 5*i. Is i a composite number?
False
Let r = 323 + 146. Is r prime?
False
Let n(h) = -150*h - 14. Let m be n(-4). Suppose 3*v - m = -2*d, v - 5*d = 3*v - 398. Is v a prime number?
False
Let a(f) = -21*f + 4*f - 4 + 6*f. Is a(-6) composite?
True
Let x(s) = -s**2. Let t(v) = v**2 + 1. Let f(m) = -57*m**2 + 11*m - 16. Let c(y) = -f(y) - 4*t(y). Let g(a) = c(a) + 5*x(a). Is g(5) composite?
True
Let j(b) be the second derivative of 41*b**3/2 - 5*b**2 + 11*b. Is j(9) prime?
True
Let k = 602 - 1036. Let r = 525 - k. Is r a composite number?
True
Let x(m) = -183*m + 36. Let u be x(-9). Suppose 0 = 14*p - 5*p - u. Is p a composite number?
True
Let r = -30 - -33. Suppose -r*m + 369 = -1098. Is m composite?
True
Let z = -317 + 2680. Is z a composite number?
True
Suppose -1552 = -11*q + 2815. Is q a prime number?
True
Suppose -5*u = 3*h - 3751, 0*h - h = -2*u + 1496. Let f = u - 354. Is f composite?
True
Suppose -67 = -5*t - 0*t - 2*j, 10 = 2*t + 5*j. Let a = -12 + t. Suppose -a*m = -6*m + 1293. Is m a composite number?
False
Suppose -9*k = -13*k + 228. Let i = k + 241. Is i prime?
False
Let v be ((-1)/(-3))/((-1)/(-6)). Let c = -3 + v. Is 2 + 2 - -2 - c a composite number?
False
Let n(c) = 12*c + 13. Let z be 6/4*36/27. Suppose -2*g = z*g - 36. Is n(g) a prime number?
False
Let l = 2752 - 315. Is l a prime number?
True
Suppose -6*l = -0*l - 126. Let s(z) = z**3 - 20*z**2 - 17*z + 13. Is s(l) a prime number?
True
Let k(f) = 17*f - 3. Let m be k(-8). Let x = 473 + m. Suppose 0 = -p + 3*p - x. Is p composite?
False
Suppose -r + 42 = 5*r. Let h(d) = 41*d. Is h(r) composite?
True
Suppose 0*x = x + n - 466, -n = 0. Let l = -254 + 93. Let c = x + l. Is c a composite number?
True
Suppose -2*x - 3*x = -2*w, -5*w = -2*x. Suppose 5*f = -g + 415, -f + 2*g - 2 + 85 = w. Is f a prime number?
True
Is -2 + 4/(-30) + (-775931)/(-195) a composite number?
True
Let j(n) = n**3 - 10*n**2 + 7*n - 10. Suppose -13 = -3*a - 4*m, -2*a - 4*m + 7*m + 20 = 0. Let b be j(a). Let h = b + 295. Is h a composite number?
True
Let c = -7472 + 11265. Is c prime?
True
Let s(q) = -14*q + 20. Let o be s(2). Is (o/6)/(2/(-87)) a prime number?
False
Let g(c) = -5*c**2 + 2*c + 2. Let m be g(2). Let o = 29 - -36. Let i = o - m. Is i prime?
True
Let w be -2*(0 + -3) - (1 + 2). Is w/6 + 8882/4 a prime number?
True
Let o(f) = 219*f + 6. Let z be o(-4). Suppose 0*l - 2*l - 18 = 0. Is ((-6)/l)/((-4)/z) prime?
False
Let g be (-3)/((-135)/(-6)) - 224/(-105). Is g/3 - 13685/(-51) a prime number?
True
Let s(r) = -r**2 - 3*r + 23. Let d be s(-6). Suppose b - 160 = -m + 4*b, -5*b + 780 = d*m. Is m prime?
True
Let p be 2/6 - 413/(-21). Is 622/2 + 0*(-4)/p a composite number?
False
Is ((-5034)/(-18))/(2/6) composite?
False
Suppose 0 = 4*u - 0*u. Suppose 0 = -u*i + 2*i - 6. Suppose 4*d - 115 = i*d. Is d a prime number?
False
Let y(r) = 7738*r**2 + 29*r - 61. Is y(2) a composite number?
False
Let z(t) be the first derivative of -t**4/4 + t**3/3 + t**2 + 235*t - 16. Is z(0) composite?
True
Let c(h) = -20*h - 6. Let k(f) = f**2. Let p(l) = -c(l) + 3*k(l). Is p(7) a prime number?
True
Is (-3 + (-1742)/4)/(6/(-12)) a composite number?
False
Let y(g) be the second derivative of -g**4/12 - 4*g**3/3 + 7*g**2/2 + g. Let u(f) = f**3 - 5*f**2 - f - 2. Let c be u(5). Is y(c) composite?
True
Let b(k) = 3*k**3 + 22*k**2 + 2*k - 1. Is b(18) a composite number?
False
Let n(r) = 39*r**2 - 39*r + 3. Is n(-8) composite?
True
Suppose -2*b = 5*a + 43, b - 4*a + a = -16. Let d = 19 + b. Suppose d = -2*j - 2*z + 588, 175 = j + 2*z - 122. Is j composite?
True
Let c(j) be the first derivative of 2*j**2 + 1/4*j**4 - 5/3*j**3 - 4 + j. Is c(5) a prime number?
False
Suppose -4*p + 43573 = 5*m, 3*p = 5*m - 0*p - 43559. Is m prime?
True
Suppose 30 - 5 = 2*h - 3*s, -4*h + 5*s = -45. Suppose -379 - 2076 = -h*w. Is w a composite number?
False
Let m(p) = -p - 3. Let t be m(-6). Let s(h) = 33*h**2 + 2*h + 4. Is s(t) composite?
False
Let i = 95063 + -3066. Is i a prime number?
True
Let o(n) = n - 4. Let r be o(4). Suppose 3*c + 1136 = 2*w - 1028, r = -4*w - 4*c + 4328. Let b = w - 595. Is b a prime number?
True
Let m(v) = -114*v + 511. Is m(-18) a prime number?
False
Suppose w + w - 22 = 0. Let s = -12 + w. Is (s/(-3))/((-12)/(-1692)) prime?
True
Let a = 24 - 11. Let m = a + -8. Is (m/1)/((-2)/(-46)) prime?
False
Let m = 1689 + 524. Is m a composite number?
False
Is (228/8*2)/((-6)/(-718)) a prime number?
False
Suppose 2*r + 4 = 18. Is -3086*(28/(-8))/r prime?
True
Let x = 9174 + 3983. Is x composite?
True
Suppose x - 2*x + 2770 = -3*h, 5*x + h = 13930. Suppose t + 0*t - x = -5*j, -2*j + 1114 = -2*t. Is j a composite number?
False
Let m(k) = 21*k**2 - 